[INFO] fetching crate thread_isolated 0.1.1...
[INFO] checking thread_isolated-0.1.1 against master#af3c6e733a40e671550e0f0f5aeecaa13772ba56 for pr-74989
[INFO] extracting crate thread_isolated 0.1.1 into /workspace/builds/worker-8/source
[INFO] validating manifest of crates.io crate thread_isolated 0.1.1 on toolchain af3c6e733a40e671550e0f0f5aeecaa13772ba56
[INFO] running `Command { std: "/workspace/cargo-home/bin/cargo" "+af3c6e733a40e671550e0f0f5aeecaa13772ba56" "read-manifest" "--manifest-path" "Cargo.toml", kill_on_drop: false }`
[INFO] started tweaking crates.io crate thread_isolated 0.1.1
[INFO] finished tweaking crates.io crate thread_isolated 0.1.1
[INFO] tweaked toml for crates.io crate thread_isolated 0.1.1 written to /workspace/builds/worker-8/source/Cargo.toml
[INFO] running `Command { std: "/workspace/cargo-home/bin/cargo" "+af3c6e733a40e671550e0f0f5aeecaa13772ba56" "generate-lockfile" "--manifest-path" "Cargo.toml" "-Zno-index-update", kill_on_drop: false }`
[INFO] running `Command { std: "/workspace/cargo-home/bin/cargo" "+af3c6e733a40e671550e0f0f5aeecaa13772ba56" "fetch" "--locked" "--manifest-path" "Cargo.toml", kill_on_drop: false }`
[INFO] running `Command { std: "docker" "create" "-v" "/var/lib/crater-agent-workspace/builds/worker-8/target:/opt/rustwide/target:rw,Z" "-v" "/var/lib/crater-agent-workspace/builds/worker-8/source:/opt/rustwide/workdir:ro,Z" "-v" "/var/lib/crater-agent-workspace/cargo-home:/opt/rustwide/cargo-home:ro,Z" "-v" "/var/lib/crater-agent-workspace/rustup-home:/opt/rustwide/rustup-home:ro,Z" "-e" "SOURCE_DIR=/opt/rustwide/workdir" "-e" "CARGO_TARGET_DIR=/opt/rustwide/target" "-e" "CARGO_HOME=/opt/rustwide/cargo-home" "-e" "RUSTUP_HOME=/opt/rustwide/rustup-home" "-w" "/opt/rustwide/workdir" "-m" "1610612736" "--user" "0:0" "--network" "none" "rustops/crates-build-env@sha256:d92eaeed33fa75130ca1ee6c8a01d1ffb62bac859dfdfb3450e3e5d1c0146529" "/opt/rustwide/cargo-home/bin/cargo" "+af3c6e733a40e671550e0f0f5aeecaa13772ba56" "metadata" "--no-deps" "--format-version=1", kill_on_drop: false }`
[INFO] [stderr] WARNING: Your kernel does not support swap limit capabilities or the cgroup is not mounted. Memory limited without swap.
[INFO] [stdout] 774fd68849f6c610eb7d4249a723103a490a9ba5fa6605c1d618817236fe24c3
[INFO] running `Command { std: "docker" "start" "-a" "774fd68849f6c610eb7d4249a723103a490a9ba5fa6605c1d618817236fe24c3", kill_on_drop: false }`
[INFO] running `Command { std: "docker" "inspect" "774fd68849f6c610eb7d4249a723103a490a9ba5fa6605c1d618817236fe24c3", kill_on_drop: false }`
[INFO] running `Command { std: "docker" "rm" "-f" "774fd68849f6c610eb7d4249a723103a490a9ba5fa6605c1d618817236fe24c3", kill_on_drop: false }`
[INFO] [stdout] 774fd68849f6c610eb7d4249a723103a490a9ba5fa6605c1d618817236fe24c3
[INFO] running `Command { std: "docker" "create" "-v" "/var/lib/crater-agent-workspace/builds/worker-8/target:/opt/rustwide/target:rw,Z" "-v" "/var/lib/crater-agent-workspace/builds/worker-8/source:/opt/rustwide/workdir:ro,Z" "-v" "/var/lib/crater-agent-workspace/cargo-home:/opt/rustwide/cargo-home:ro,Z" "-v" "/var/lib/crater-agent-workspace/rustup-home:/opt/rustwide/rustup-home:ro,Z" "-e" "SOURCE_DIR=/opt/rustwide/workdir" "-e" "CARGO_TARGET_DIR=/opt/rustwide/target" "-e" "CARGO_INCREMENTAL=0" "-e" "RUST_BACKTRACE=full" "-e" "RUSTFLAGS=--cap-lints=forbid" "-e" "CARGO_HOME=/opt/rustwide/cargo-home" "-e" "RUSTUP_HOME=/opt/rustwide/rustup-home" "-w" "/opt/rustwide/workdir" "-m" "1610612736" "--user" "0:0" "--network" "none" "rustops/crates-build-env@sha256:d92eaeed33fa75130ca1ee6c8a01d1ffb62bac859dfdfb3450e3e5d1c0146529" "/opt/rustwide/cargo-home/bin/cargo" "+af3c6e733a40e671550e0f0f5aeecaa13772ba56" "check" "--frozen" "--all" "--all-targets" "--message-format=json", kill_on_drop: false }`
[INFO] [stdout] bdcfdfee7e2703d40dfd427250c132b6a64be1d9ef915e48be47d956b1ddfd8a
[INFO] [stderr] WARNING: Your kernel does not support swap limit capabilities or the cgroup is not mounted. Memory limited without swap.
[INFO] running `Command { std: "docker" "start" "-a" "bdcfdfee7e2703d40dfd427250c132b6a64be1d9ef915e48be47d956b1ddfd8a", kill_on_drop: false }`
[INFO] [stderr]     Checking thread_isolated v0.1.1 (/opt/rustwide/workdir)
[INFO] [stdout] error[E0432]: unresolved import `std::boxed::FnBox`
[INFO] [stdout]   --> src/lib.rs:20:5
[INFO] [stdout]    |
[INFO] [stdout] 20 | use std::boxed::FnBox;
[INFO] [stdout]    |     ^^^^^^^^^^^^^^^^^ no `FnBox` in `boxed`
[INFO] [stdout] 
[INFO] [stdout] 
[INFO] [stdout] error[E0432]: unresolved import `std::boxed::FnBox`
[INFO] [stdout]    --> src/lib.rs:271:9
[INFO] [stdout]     |
[INFO] [stdout] 271 |     use std::boxed::FnBox;
[INFO] [stdout]     |         ^^^^^^^^^^^^^^^^^ no `FnBox` in `boxed`
[INFO] [stdout] 
[INFO] [stdout] 
[INFO] [stdout] error[E0432]: unresolved import `std::boxed::FnBox`
[INFO] [stdout]    --> src/lib.rs:353:13
[INFO] [stdout]     |
[INFO] [stdout] 353 |         use std::boxed::FnBox;
[INFO] [stdout]     |             ^^^^^^^^^^^^^^^^^ no `FnBox` in `boxed`
[INFO] [stdout] 
[INFO] [stdout] 
[INFO] [stdout] error: cannot find macro `select` in this scope
[INFO] [stdout]    --> src/lib.rs:304:17
[INFO] [stdout]     |
[INFO] [stdout] 304 |                 select! (
[INFO] [stdout]     |                 ^^^^^^
[INFO] [stdout] 
[INFO] [stdout] 
[INFO] [stdout] warning: trait objects without an explicit `dyn` are deprecated
[INFO] [stdout]   --> src/lib.rs:34:43
[INFO] [stdout]    |
[INFO] [stdout] 34 |     fn run_on_owning_thread(&self, f: Box<FnBox() + Send>);
[INFO] [stdout]    |                                           ^^^^^^^^^^^^^^ help: use `dyn`: `dyn FnBox() + Send`
[INFO] [stdout]    |
[INFO] [stdout]    = note: `#[warn(bare_trait_objects)]` on by default
[INFO] [stdout] 
[INFO] [stdout] 
[INFO] [stdout] warning: trait objects without an explicit `dyn` are deprecated
[INFO] [stdout]   --> src/lib.rs:56:17
[INFO] [stdout]    |
[INFO] [stdout] 56 |     runner: Box<IsolationRunner>,
[INFO] [stdout]    |                 ^^^^^^^^^^^^^^^ help: use `dyn`: `dyn IsolationRunner`
[INFO] [stdout] 
[INFO] [stdout] 
[INFO] [stdout] warning: trait objects without an explicit `dyn` are deprecated
[INFO] [stdout]    --> src/lib.rs:148:26
[INFO] [stdout]     |
[INFO] [stdout] 148 |         let closure: Box<FnBox() + Send> = Box::new(move|| {
[INFO] [stdout]     |                          ^^^^^^^^^^^^^^ help: use `dyn`: `dyn FnBox() + Send`
[INFO] [stdout] 
[INFO] [stdout] 
[INFO] [stdout] warning: trait objects without an explicit `dyn` are deprecated
[INFO] [stdout]    --> src/lib.rs:163:26
[INFO] [stdout]     |
[INFO] [stdout] 163 |         let closure: Box<FnBox() + Send + 'static> = unsafe { mem::transmute(closure) };
[INFO] [stdout]     |                          ^^^^^^^^^^^^^^^^^^^^^^^^ help: use `dyn`: `dyn FnBox() + Send + 'static`
[INFO] [stdout] 
[INFO] [stdout] 
[INFO] [stdout] warning: trait objects without an explicit `dyn` are deprecated
[INFO] [stdout]    --> src/lib.rs:280:34
[INFO] [stdout]     |
[INFO] [stdout] 280 |             tx: Mutex<Sender<Box<FnBox() + Send>>>,
[INFO] [stdout]     |                                  ^^^^^^^^^^^^^^ help: use `dyn`: `dyn FnBox() + Send`
[INFO] [stdout] 
[INFO] [stdout] 
[INFO] [stdout] warning: trait objects without an explicit `dyn` are deprecated
[INFO] [stdout]    --> src/lib.rs:284:55
[INFO] [stdout]     |
[INFO] [stdout] 284 |             fn run_on_owning_thread(&self, boxed: Box<FnBox() + Send>) {
[INFO] [stdout]     |                                                       ^^^^^^^^^^^^^^ help: use `dyn`: `dyn FnBox() + Send`
[INFO] [stdout] 
[INFO] [stdout] 
[INFO] [stdout] warning: trait objects without an explicit `dyn` are deprecated
[INFO] [stdout]    --> src/lib.rs:359:51
[INFO] [stdout]     |
[INFO] [stdout] 359 |             fn run_on_owning_thread(&self, f: Box<FnBox() + Send>) {
[INFO] [stdout]     |                                                   ^^^^^^^^^^^^^^ help: use `dyn`: `dyn FnBox() + Send`
[INFO] [stdout] 
[INFO] [stdout] 
[INFO] [stdout] error[E0432]: unresolved import `std::boxed::FnBox`
[INFO] [stdout]   --> src/lib.rs:20:5
[INFO] [stdout]    |
[INFO] [stdout] 20 | use std::boxed::FnBox;
[INFO] [stdout]    |     ^^^^^^^^^^^^^^^^^ no `FnBox` in `boxed`
[INFO] [stdout] 
[INFO] [stdout] 
[INFO] [stdout] warning: trait objects without an explicit `dyn` are deprecated
[INFO] [stdout]   --> src/lib.rs:34:43
[INFO] [stdout]    |
[INFO] [stdout] 34 |     fn run_on_owning_thread(&self, f: Box<FnBox() + Send>);
[INFO] [stdout]    |                                           ^^^^^^^^^^^^^^ help: use `dyn`: `dyn FnBox() + Send`
[INFO] [stdout]    |
[INFO] [stdout]    = note: `#[warn(bare_trait_objects)]` on by default
[INFO] [stdout] 
[INFO] [stdout] 
[INFO] [stdout] warning: trait objects without an explicit `dyn` are deprecated
[INFO] [stdout]   --> src/lib.rs:56:17
[INFO] [stdout]    |
[INFO] [stdout] 56 |     runner: Box<IsolationRunner>,
[INFO] [stdout]    |                 ^^^^^^^^^^^^^^^ help: use `dyn`: `dyn IsolationRunner`
[INFO] [stdout] 
[INFO] [stdout] 
[INFO] [stdout] warning: trait objects without an explicit `dyn` are deprecated
[INFO] [stdout]    --> src/lib.rs:148:26
[INFO] [stdout]     |
[INFO] [stdout] 148 |         let closure: Box<FnBox() + Send> = Box::new(move|| {
[INFO] [stdout]     |                          ^^^^^^^^^^^^^^ help: use `dyn`: `dyn FnBox() + Send`
[INFO] [stdout] 
[INFO] [stdout] 
[INFO] [stdout] warning: trait objects without an explicit `dyn` are deprecated
[INFO] [stdout]    --> src/lib.rs:163:26
[INFO] [stdout]     |
[INFO] [stdout] 163 |         let closure: Box<FnBox() + Send + 'static> = unsafe { mem::transmute(closure) };
[INFO] [stdout]     |                          ^^^^^^^^^^^^^^^^^^^^^^^^ help: use `dyn`: `dyn FnBox() + Send + 'static`
[INFO] [stdout] 
[INFO] [stdout] 
[INFO] [stdout] warning: use of deprecated constant `std::sync::atomic::ATOMIC_USIZE_INIT`: the `new` function is now preferred
[INFO] [stdout]    --> src/lib.rs:218:52
[INFO] [stdout]     |
[INFO] [stdout] 218 |     use std::sync::atomic::{AtomicUsize, Ordering, ATOMIC_USIZE_INIT};
[INFO] [stdout]     |                                                    ^^^^^^^^^^^^^^^^^
[INFO] [stdout]     |
[INFO] [stdout]     = note: `#[warn(deprecated)]` on by default
[INFO] [stdout] 
[INFO] [stdout] 
[INFO] [stdout] warning: use of deprecated constant `std::sync::atomic::ATOMIC_USIZE_INIT`: the `new` function is now preferred
[INFO] [stdout]    --> src/lib.rs:220:45
[INFO] [stdout]     |
[INFO] [stdout] 220 |     static THREAD_ID_COUNTER: AtomicUsize = ATOMIC_USIZE_INIT;
[INFO] [stdout]     |                                             ^^^^^^^^^^^^^^^^^ help: replace the use of the deprecated constant: `AtomicUsize::new(0)`
[INFO] [stdout] 
[INFO] [stdout] 
[INFO] [stderr] error: could not compile `thread_isolated`.
[INFO] [stdout] error: aborting due to 4 previous errors; 9 warnings emitted
[INFO] [stdout] 
[INFO] [stdout] 
[INFO] [stderr] 
[INFO] [stdout] For more information about this error, try `rustc --explain E0432`.
[INFO] [stdout] 
[INFO] [stderr] To learn more, run the command again with --verbose.
[INFO] [stdout] warning: use of deprecated constant `std::sync::atomic::ATOMIC_USIZE_INIT`: the `new` function is now preferred
[INFO] [stdout]    --> src/lib.rs:218:52
[INFO] [stdout]     |
[INFO] [stdout] 218 |     use std::sync::atomic::{AtomicUsize, Ordering, ATOMIC_USIZE_INIT};
[INFO] [stdout]     |                                                    ^^^^^^^^^^^^^^^^^
[INFO] [stdout]     |
[INFO] [stdout]     = note: `#[warn(deprecated)]` on by default
[INFO] [stdout] 
[INFO] [stdout] 
[INFO] [stderr] warning: build failed, waiting for other jobs to finish...
[INFO] [stdout] warning: use of deprecated constant `std::sync::atomic::ATOMIC_USIZE_INIT`: the `new` function is now preferred
[INFO] [stdout]    --> src/lib.rs:220:45
[INFO] [stdout]     |
[INFO] [stdout] 220 |     static THREAD_ID_COUNTER: AtomicUsize = ATOMIC_USIZE_INIT;
[INFO] [stdout]     |                                             ^^^^^^^^^^^^^^^^^ help: replace the use of the deprecated constant: `AtomicUsize::new(0)`
[INFO] [stdout] 
[INFO] [stdout] 
[INFO] [stdout] error: aborting due to previous error; 6 warnings emitted
[INFO] [stdout] 
[INFO] [stdout] 
[INFO] [stdout] For more information about this error, try `rustc --explain E0432`.
[INFO] [stdout] 
[INFO] [stderr] error: build failed
[INFO] running `Command { std: "docker" "inspect" "bdcfdfee7e2703d40dfd427250c132b6a64be1d9ef915e48be47d956b1ddfd8a", kill_on_drop: false }`
[INFO] running `Command { std: "docker" "rm" "-f" "bdcfdfee7e2703d40dfd427250c132b6a64be1d9ef915e48be47d956b1ddfd8a", kill_on_drop: false }`
[INFO] [stdout] bdcfdfee7e2703d40dfd427250c132b6a64be1d9ef915e48be47d956b1ddfd8a
